he prime factors of l(-5).
2, 229
List the prime factors of 7 + 12/(-4) + 2074 + -3.
5, 83
Let k = 21910 - 12078. What are the prime factors of k?
2, 1229
Let q = -4512 - -9740. List the prime factors of q.
2, 1307
Let m be (1*-1)/((-4)/(-356)). Let j = 528 - 380. Let p = j + m. List the prime factors of p.
59
Suppose -34 = -11*w - 23. List the prime factors of (18/(-8))/(2 + w)*-96.
2, 3
Let t be (124/(-5))/(40/300). What are the prime factors of 2 + (5 + 2 - t)?
3, 5, 13
Let a = -995 - -985. Let l(g) = -18*g**2 - 202*g + 8. List the prime factors of l(a).
2, 3, 19
Let s(z) = 20*z**2 - 277*z - 41. What are the prime factors of s(19)?
2, 479
Let m(p) = p**2 + 6*p + 13. Let h(k) = 4*k**2 + 23*k + 53. Let c(f) = 2*h(f) - 9*m(f). Let o be c(-3). Suppose -71 = o*d - 391. List the prime factors of d.
2, 5
Suppose k + 16 = 2*a - a, 0 = 2*a + 5*k - 46. Let v = 6 - a. Let q = v + 14. What are the prime factors of q?
2
List the prime factors of -1 + 2*2*(0 - (-174296)/16).
43573
Let t = 497 - 493. Suppose -r + t*r - 2163 = 0. What are the prime factors of r?
7, 103
Suppose 0 = -2*w + 5*f - 9, 2*w + 2*f = 4*w. Suppose w*m + 253 = -5*u + 4*m, -u = 2*m + 44. Let h = u - -77. What are the prime factors of h?
3
Suppose 0 = -3*d + 2*f + 287487, d = -7*f + 2*f + 95812. List the prime factors of d.
79, 1213
Let m = 45590 + -24614. What are the prime factors of m?
2, 3, 19, 23
Let b = -4370 - -17769. List the prime factors of b.
13399
Let t = 1016 + -1029. What are the prime factors of 2*((-3054)/(-4) - (-26)/t)?
1523
Let r(w) = -14*w**2 + 5*w - 5. Let g be r(1). Let a(o) = 18*o**2 + 8*o + 1. Let v(x) = x**2 + x. Let i(z) = g*v(z) + 2*a(z). List the prime factors of i(-1).
2, 11
Suppose 4*z = -5*o + 3*z + 475, -z = -3*o + 285. Let x = 6 + o. List the prime factors of x.
101
Suppose 3*m + 0 = -y + 6, 3*y - 7 = 2*m. Let h be (147 - (y + -5)) + (0 - -2). Let r = -76 + h. List the prime factors of r.
3, 5
Let c be (-2)/(4/10 + 0). Let q be c*(3 + -4)*1. Suppose u = -l + 85, -3*l = -q*u - 5*l + 419. List the prime factors of u.
83
Let w = 830 - 260. Suppose 2*n - 3*v = 773, -152*n + 5*v = -153*n + 419. Let g = w - n. What are the prime factors of g?
2, 11
Let o(b) = 6*b**2 - 8*b + 1. Let w(k) = 12*k**2 - 17*k + 2. Let y(v) = 7*o(v) - 3*w(v). List the prime factors of y(-5).
2, 11
Suppose 4 = 6*w - 2. Let a be ((-5)/(-7) - -1)*(6 + w). List the prime factors of (-2 - a/(-7)) + 534/7.
2, 19
Suppose n + 3*b - 744 = 0, -3*n + 3815 = -5*b + 1527. Suppose -22*g + n = -24764. What are the prime factors of g?
2, 5, 29
Suppose -39 = 9*v - 12*v. Let n(z) = -5 + 5*z + v*z**2 - 4*z - 3*z - 11*z**2. List the prime factors of n(6).
5, 11
Let o be ((-45)/(-12))/((-1)/(-208)). Suppose 3*n = n + 10. Suppose -5*x + n*s = -0*s - o, -782 = -5*x + 4*s. List the prime factors of x.
2, 79
Let s be (-8 + 13)*(-152)/20. Let z(a) = -a**3 - 35*a**2 + 89*a + 45. List the prime factors of z(s).
5, 199
Let q = -98 + 63. Let s = 35 + q. Suppose 0*o + 4*o - 212 = s. List the prime factors of o.
53
Suppose -147*j + 594265 = -76206 - 627245. What are the prime factors of j?
2, 2207
Let d(a) be the first derivative of a**3/3 + 3*a**2/2 + 4*a - 5. Let f be d(-2). Suppose 42 = -f*g + 160. What are the prime factors of g?
59
Let n be ((-140)/(-21))/10 + (-682)/6. Let w = 173 + n. Suppose y = -y + w. What are the prime factors of y?
2, 3, 5
Let b(g) = -73*g - 174. Let c(l) = 144*l + 349. Let d(z) = 5*b(z) + 2*c(z). List the prime factors of d(-11).
3, 5
Let l = 1555 + -1553. Let d(s) = 9*s + 1. Let b be d(1). Suppose 0 = -4*w + l - b, -2*i + 12 = 3*w. List the prime factors of i.
3
Let p = -488 - -2116. Suppose -p = 13*g - 7972. What are the prime factors of g?
2, 61
Suppose -6*x = -2*x - 136. Let k = x - 31. Suppose k*a = 4*a + 4*n - 71, -5*a + 4*n = -235. List the prime factors of a.
3, 17
Let u = -1 + -2. Let s(f) = -5*f**3 + 2*f**2 + 3*f - 4. List the prime factors of s(u).
2, 5, 7
Let o = -10 - -7. Let w be 74*3/o + -2. List the prime factors of (18/3)/3 - w.
2, 3, 13
Let b be (-4 - 3/(-3)) + 1. Let w(z) = -71*z**3 + 2*z**2 - 5*z - 7. Let k be w(b). Suppose 25*m = 28*m - k. What are the prime factors of m?
193
Let v be 4 + 0 - (2 + -2). Let o be v/3*(-5 - 4/1). List the prime factors of 12 + o + 1 + 41.
2, 3, 7
Let i = 112 - 90. Suppose 7*x - i = 5*x. What are the prime factors of x?
11
Suppose 0 = -20*h + 15*h + 30. Let a be 0/(-2) - (-2 + -11 + 7). List the prime factors of 2/h*a - -227 - 3.
2, 113
Let y(w) = 76*w**2 - 293*w + 2. What are the prime factors of y(-20)?
2, 18131
Let q(f) = -2*f - 6. Let o be q(-5). Suppose -s = -o*s + 345. Suppose -310 = -3*g - s. What are the prime factors of g?
5, 13
Suppose 0 = 5*w - 2*l + 1766, -4*w - 4*l + 8*l - 1420 = 0. Let d = w + 699. What are the prime factors of d?
347
Let j(u) = 44*u + 254. List the prime factors of j(48).
2, 7, 13
Suppose 0 = g - 5 - 10. Suppose -g*k + 40 = -7*k. Suppose 2*x = -4, -2*x = k*z - 0*x - 271. List the prime factors of z.
5, 11
Let m(d) = -1 + 6*d - 5*d**2 - 3 - 2*d - d**3 + 6. Let j be m(-5). What are the prime factors of (-6)/(-36) + (-663)/j?
37
Suppose -319062 - 294498 = -15*o. What are the prime factors of o?
2, 5113
Let u be ((4 + -6)/(-1))/(4/6). Suppose 0 = -u*m - 4*n + 668, 0 = 3*m - 4*n - 586 - 66. Suppose v + 0*v - m = 0. List the prime factors of v.
2, 5, 11
Suppose -5 = x, 4*r - 3*x + 2*x - 181 = 0. Suppose 43*m = r*m - 9. List the prime factors of m.
3
Suppose -176*z = -180*z - 3*c + 31012, 4*z - c - 31028 = 0. List the prime factors of z.
2, 7, 277
Suppose -15*w = -13*w - 10083 - 3361. What are the prime factors of w?
2, 3361
Let j be (3 + (6 - 10))/((-2)/(-66)). Let f = -24 - j. Suppose 187 = 10*b - f*b. What are the prime factors of b?
11, 17
Let j(k) = 1220*k**2 - 13*k - 12. Let w be j(-1). What are the prime factors of (w/(-6) - -1)/((-2)/4)?
3, 5
Suppose 21*d - 8147 = -1658. Suppose 0 = 4*f - 7 + 15, m - 4*f = d. What are the prime factors of m?
7, 43
Let t(n) = 80*n - 23. Let h(l) = 160*l - 44. Let p(o) = -4*h(o) + 7*t(o). List the prime factors of p(-12).
3, 5, 13
Suppose -855 - 1017 = -3*y. Let p = 355 + y. What are the prime factors of p?
11, 89
Let v(t) = 115*t**2 + 51*t + 783. What are the prime factors of v(-14)?
23, 983
Suppose 2*a - 23773 = -3*y, 5*y = -4*a - a + 39620. What are the prime factors of y?
5, 317
Let b = 2871 + 6742. List the prime factors of b.
9613
Suppose 1248 = 5*u + 108. Suppose 133 = v - u. List the prime factors of 0 + 9/12 - v/(-4).
7, 13
Let g be 1 - ((-530)/2 - -3). Suppose 5*z - g - 1237 = 0. List the prime factors of z.
2, 3, 5
Suppose -3*m = 1 - 13. Suppose -2*v + 3*v - m = 0. List the prime factors of 20 + (-2 - v - -2).
2
Let y = 3698 - 1969. Let o = -919 + y. What are the prime factors of o?
2, 3, 5
Suppose 6*g + 55 = 67. Let i(r) = r**2 + 4*r - 2. Let o be i(-5). Suppose -z = o*d - d - 83, -g*z = 3*d - 165. What are the prime factors of z?
3
Suppose 44*k = 21*k + 15134. List the prime factors of k.
2, 7, 47
Let m be 2/(-8) + (1 - 9/12). Let g be (-10)/(m + -5)*460. Let n = g + -645. What are the prime factors of n?
5, 11
Let m be 3/6*-10 - 0. List the prime factors of (m - 1) + 13 - -457.
2, 29
Let q(z) = 6 - 50 + 2*z**2 + 61*z + 2 - 8*z + 2. List the prime factors of q(-37).
11, 67
Suppose -48*t + 24 = -42*t. Let x = t + -10. List the prime factors of (-238)/(-18) + x/27.
13
Suppose -2*g + 593*f + 99972 = 594*f, g + 2*f = 49977. What are the prime factors of g?
3, 19, 877
Let n(x) = x**2 + 12*x + 9. Let k be n(-11). Let p be (-3)/(-6) - k/4. List the prime factors of p*(-6 + 0)*(-320)/16.
2, 3, 5
Let h = 524 - 534. Let w(q) = 7*q**2 + 22*q + 13. List the prime factors of w(h).
17, 29
Suppose -4*r - 2*j = -6*j - 32, -4*j = -2*r + 20. Let t(u) = 65*u - 50. List the prime factors of t(r).
2, 5, 17
Let h(p) be the first derivative of 3*p**2/2 - 8*p - 6. Let g be h(4). Suppose -g*a + 201 + 159 = 0. List the prime factors of a.
2, 3, 5
Suppose 2*k - 1062 = -2*x, k + 2625 = -0*x + 5*x. Let t = 26 + x. What are the prime factors of t?
2, 3, 23
Let o(j) be the third derivative of -j**5/60 + j**4 + 17*j**3/2 + 141*j**2. What are the prime factors of o(12)?
3, 5, 13
Let f(x) = -x**3 - 22*x**2 + 18*x + 20. Let y be f(-23). Let o = -48 + y. Suppose 234 = 3*u - o. What are the